are the prime factors of (-3693)/(-2)*(1 - (-56)/24)?
5, 1231
Let o(l) = 76*l**2 - 2*l. What are the prime factors of o(-2)?
2, 7, 11
Suppose 1812 = -5*x - 288. List the prime factors of (1 - (-1)/1)*x/(-5).
2, 3, 7
Let a(r) = 9*r**2 + 29*r - 174. What are the prime factors of a(11)?
2, 617
Suppose 0 = -11*l + 7*l + 64. List the prime factors of l/(-6)*27/(-6).
2, 3
Suppose 5*v + 3*k + k + 461 = 0, 5*k = 5. Let s = v + 171. Let d = s - 46. List the prime factors of d.
2
Suppose -u = 2*p - 57, -8*p + 3*p = u - 135. Suppose -1015 = -p*j + 19*j. What are the prime factors of j?
5, 29
Suppose 0*j + 32 = -4*j - 4*c, -10 = 2*c. List the prime factors of ((-2)/j + 269/(-3))*-1.
89
Let w be -14*3/((-12)/(-8)). Let i = 70 + w. What are the prime factors of i?
2, 3, 7
Suppose 2*z + 4*g = 6*z - 5072, 0 = -3*z - 2*g + 3819. What are the prime factors of z?
31, 41
Suppose -1836*g + 1849*g = 44395. List the prime factors of g.
5, 683
Suppose 2*n = -2*c + 42, -3*n + 5*n - 22 = 3*c. Let p = n + 87. List the prime factors of p.
2, 13
Let g be 188/16 + 3/12. List the prime factors of 8/3*1233/g.
2, 137
Suppose 6*w + 3*b = 2*w + 23, -3*w - 4*b + 26 = 0. Suppose 3*v + 6*a = 2*a + 241, 0 = -2*a + w. List the prime factors of v.
79
Suppose 2*h - 5103 = -5*v, 4650 = 5*v - 5*h - 460. What are the prime factors of v?
1021
Let m(o) = o**2 - 3*o. Let q be m(4). Suppose -q*n + 24 = -96. List the prime factors of n.
2, 3, 5
Let j(g) = -g**2 - 5*g + 1713. What are the prime factors of j(0)?
3, 571
Let n be (-4 + 3)*(-7)/(14/256). Suppose -c = -3*l - n, -32 - 312 = -3*c + l. What are the prime factors of c?
113
Suppose 0 = -r + 2*g + 720, -6*r + 2*g = -11*r + 3552. What are the prime factors of r?
2, 89
Suppose 4*g + 6 = 5*r, -r = -4*g + 1 + 1. Suppose 5*b - b = -y + 19, 0 = -r*b + y + 17. List the prime factors of b.
2, 3
Let o(b) = 220*b - 159. What are the prime factors of o(6)?
3, 43
Let z be 312/(-10) + (-14)/(-70). Let y = 39 + z. List the prime factors of y.
2
What are the prime factors of (-45)/(-18)*3160/25?
2, 79
Suppose 4218 = 2*c - 2*t, 3*t - 190 - 10387 = -5*c. What are the prime factors of c?
2113
Suppose 3*j - 1215 = -5*f, j = 47*f - 46*f + 413. List the prime factors of j.
2, 5, 41
Suppose 17080 - 70 = 70*z. List the prime factors of z.
3
Suppose 3*v - 10 = 2, -3*v - 3 = -5*l. Suppose -l*o - 3*c = -672, -4*c = o + 107 - 322. What are the prime factors of o?
227
What are the prime factors of ((-862)/(-5))/((-6)/(-5) + -1)?
2, 431
Let t be (10*3/12)/((-1)/(-2)). Suppose 2*l + 0*l - 68 = -5*s, -t*s - 19 = -l. List the prime factors of l.
29
Suppose 2*o + o - 15 = 0. Suppose -432 = o*y - 8*y. Suppose -4*p + t = -y + 12, 88 = 3*p + 2*t. What are the prime factors of p?
2
Let m be (-1 - -107)*1 - -2. Suppose i = -2*n + 3*n - m, -i = 5*n - 534. What are the prime factors of n?
107
Suppose -5*q = -3*l + 22, q + 8 + 0 = -3*l. Suppose -3 = -5*p + 12. List the prime factors of 4*l + (38 - p).
31
Let w = 10565 - 7040. List the prime factors of w.
3, 5, 47
Let h(w) = -w**2 - 2*w - 2. Let c be h(-2). Let q be -4*c*(-20)/(-32). Let g = 19 + q. What are the prime factors of g?
2, 3
Let m be -1*(-5 + 3/1). Let a(s) = 10*s**m - 6*s**2 - 2*s - s + 2. What are the prime factors of a(3)?
29
Let j(z) be the second derivative of z**5/20 + 2*z**4/3 + z**3 - 3*z**2 + 3*z. Let s be j(-7). What are the prime factors of (-24)/(s/(1/(-1)))?
2, 3
Suppose -4 = -3*r + 2. Suppose -3*f = 0, 0*f + 3*f = -3*q - 69. Let t = r - q. What are the prime factors of t?
5
Let s(a) be the second derivative of a**4/3 + 5*a**3/3 + a**2 + a. Let c be s(7). List the prime factors of c/9 + 22/99.
2, 3, 5
Suppose -2*z + 2*b = 8, 2*z - 12 = -4*b + b. Let q(v) = -v**2 - 8*v + 18. Let g be q(-8). Suppose -2*f + g = -z*f. List the prime factors of f.
3
Let o(f) = -f**2 + 9. Let l(w) = -w**2 + w + 10. Suppose j - 5*g + 8 = 2*j, j + 10 = g. Let r(a) = j*o(a) + 6*l(a). List the prime factors of r(-7).
2
Suppose -40 + 10 = 3*y. What are the prime factors of (-13 - y)*178/(-6)?
89
Let i(o) = -o**3 + 5*o**2 - 3*o - 2. Let p be i(4). Suppose -y = 3*y - 4*a + 44, -10 = p*a. List the prime factors of 8/y + 26/4.
2, 3
Let a = 4 + -11. Let s = a - -11. Suppose 0*u = s*u - 92. List the prime factors of u.
23
What are the prime factors of ((-1089)/(-44))/(1*(-6)/(-608))?
2, 3, 11, 19
Suppose 3*l + 0*l = 0. Let w = -262 + 289. Suppose 3*r - w - 80 = t, -2*r - t + 73 = l. List the prime factors of r.
2, 3
Suppose 7*t - 6 = 4*t. Suppose -4*b = l - 488, 0 = -t*l - 3*l - 20. What are the prime factors of b?
3, 41
Let p(v) = 11*v**2 + 30*v - 12. List the prime factors of p(12).
2, 3, 7, 23
Suppose -6*g + 18 + 0 = 0. Suppose -g*o + 336 = -0. List the prime factors of o.
2, 7
Suppose 5*m = -i + 220, 2*i = -2*m + 141 - 53. Let w = 77 - m. What are the prime factors of w?
3, 11
Let a be (21 + -2)*(-6 - -7). Let n = a + -16. Suppose -36 = -n*v - v. List the prime factors of v.
3
Suppose -17*m = -411 + 3. Let a(c) = -c + 9. Let n be a(5). Suppose n*o - m = 3*o. What are the prime factors of o?
2, 3
Suppose -23*s + 4 = -19*s. What are the prime factors of (-26 + 1)*(s + (-14)/7)?
5
Suppose 98*y - 674492 = -21*y. List the prime factors of y.
2, 13, 109
Suppose 4*v - 10 = 5*v. Let w(g) = g**2 - 3*g + 10. What are the prime factors of w(v)?
2, 5, 7
Let a(c) = c**2 + 9*c + 20. Let b be a(-6). Let r(l) = 5*l - 5. List the prime factors of r(b).
5
Let w be -1*((-438)/(-10) - 24/30). Let p = 73 + -133. Let l = w - p. What are the prime factors of l?
17
List the prime factors of (-6)/(6*(-1)/460).
2, 5, 23
Let j be (-9)/(2 + 3 + -4). Let m = -5 - j. Suppose m*o + o = 135. What are the prime factors of o?
3
Let p be (4 - 52/12)*-15. Let c(v) = v + 1. Let i be c(p). Let x = 45 + i. What are the prime factors of x?
3, 17
Let y be ((-295)/15)/((-2)/18). Suppose 11*b - 8*b = y. List the prime factors of b.
59
Let l = 50 + -4. Suppose 0 = 6*i + l - 208. Suppose 4*v - i = v. What are the prime factors of v?
3
Suppose 4*j + n = -46 + 183, 0 = 2*j - 2*n - 56. Suppose j = 2*w - 33. List the prime factors of w - (-1 - (-1 + 0)).
3, 11
Let y(q) = q**3 - 6*q**2 + 19*q - 11. List the prime factors of y(10).
3, 193
Let l be 3 - (1 + -1) - (-8904)/24. Suppose l = 3*h - 5*v + 76, -4*h = -v - 403. List the prime factors of h.
101
List the prime factors of (-845)/(-7) - 9/63*-2.
11
Let j be 4/6*66/4. Let z(u) = -u**3 + 19 - 3 - 6 - 8*u + 12*u**2 - 2. List the prime factors of z(j).
41
Suppose 3*w + 2*w = 0. What are the prime factors of (-713)/(-23) + w + 0?
31
Let r = 1649 + -261. What are the prime factors of r?
2, 347
What are the prime factors of (-2101)/(-1) - (4 - 4)?
11, 191
List the prime factors of 262584/(-336)*(-16)/6.
2, 521
Let i = 7 + -3. Let c be ((-88)/(-6))/(i/12). Let q = c + -7. List the prime factors of q.
37
Let r = 2 + 3. Suppose -16 - 4 = -5*a. Suppose 17 + 37 = a*s - 2*c, 4*s - r*c - 63 = 0. What are the prime factors of s?
2, 3
Suppose p - 103 = -a, -a = -3*p + 2*p + 99. Let q(m) = -m**3 - 7*m**2 + 7*m + 15. Let l be q(-5). Let i = p + l. List the prime factors of i.
31
Suppose 3*b + 750 = l, l - 4*b + 179 - 931 = 0. Suppose -l = -6*p + 462. What are the prime factors of p?
3, 67
Suppose -3*s = 4*c - 46, 5*s + 5*c - 6 - 79 = 0. Suppose -s = -4*i + 202. What are the prime factors of i?
2, 7
Suppose 0 = j - 2, d + 106 = 4*j + 796. What are the prime factors of d?
2, 349
Suppose -18*l + 30448 = 26*l. What are the prime factors of l?
2, 173
Let s(t) = -7*t**3 + 6*t + 4*t**2 + 2*t**2 - 13 - 3*t**2. Let l(o) = -8*o**3 + 2*o**2 + 5*o - 13. Let y(r) = -6*l(r) + 7*s(r). List the prime factors of y(10).
7
List the prime factors of (-1)/(4/173)*(65 - 77).
3, 173
Let o(b) = -4*b - 1. Let q = -31 - -29. Let u be 3*(3 + q) - 15. List the prime factors of o(u).
47
Suppose 8 = -5*x - 2. Let f be (-213)/(-2)*x/(-3). Suppose f = 6*o - 103. List the prime factors of o.
29
What are the prime factors of (-13620)/(-24) + (15/(-6) - -2)?
3, 7
Suppose 0 = 3*l - 1 - 2. Let d(r) = -r - 1. Let k(f) = -50*f**3 - f**2 - 3*f - 4. Let o(y) = 4*d(y) - k(y). What are the prime factors of o(l)?
2, 5
Suppose -8*x = -735 - 2337. List the prime factors of x.
2, 3
Let j(x) = -x**3 + 41*x**2 + 40*x - 165. List the prime factors of j(41).
5, 59
Let h = 36 - 81. Let i be h/3